{"id":3625,"date":"2024-03-27T12:25:55","date_gmt":"2024-03-27T11:25:55","guid":{"rendered":"https:\/\/solidarnosc.pk.edu.pl\/?page_id=3625"},"modified":"2024-03-27T13:34:34","modified_gmt":"2024-03-27T12:34:34","slug":"pogrzeb-janusza-zajeckiego","status":"publish","type":"page","link":"https:\/\/solidarnosc.pk.edu.pl\/?page_id=3625","title":{"rendered":"Pogrzeb Janusza Zaj\u0119ckiego"},"content":{"rendered":"<p style=\"text-align: center;\">W pi\u0105tek&nbsp; 22 marca 2024 w Podg\u00f3rkach Tynieckich odby\u0142 si\u0119 pogrzeb Dr in\u017c. Janusza Zaj\u0119ckiego &#8211; wieloletniego Przewodnicz\u0105cego Komisji Zak\u0142adowej NSZZ Solidarno\u015b\u0107 Politechniki Krakowskiej oraz Komisji Rewizyjnej ZR Ma\u0142opolska.<\/p>\n<p>&nbsp;<\/p>\n<p>&nbsp;<\/p>\n<p style=\"text-align: center;\">Fot. Alicja Radzikowska Kerc, Ryszard Wolny, Jacek Wojs<\/p>\nngg_shortcode_0_placeholder\n","protected":false},"excerpt":{"rendered":"<p>W pi\u0105tek&nbsp; 22 marca 2024 w Podg\u00f3rkach Tynieckich odby\u0142 si\u0119 pogrzeb Dr in\u017c. Janusza Zaj\u0119ckiego &hellip;<\/p>\n","protected":false},"author":1,"featured_media":0,"parent":0,"menu_order":0,"comment_status":"closed","ping_status":"closed","template":"","meta":{"ngg_post_thumbnail":0,"_mc_calendar":[],"footnotes":""},"class_list":["post-3625","page","type-page","status-publish","hentry"],"_links":{"self":[{"href":"https:\/\/solidarnosc.pk.edu.pl\/index.php?rest_route=\/wp\/v2\/pages\/3625","targetHints":{"allow":["GET"]}}],"collection":[{"href":"https:\/\/solidarnosc.pk.edu.pl\/index.php?rest_route=\/wp\/v2\/pages"}],"about":[{"href":"https:\/\/solidarnosc.pk.edu.pl\/index.php?rest_route=\/wp\/v2\/types\/page"}],"author":[{"embeddable":true,"href":"https:\/\/solidarnosc.pk.edu.pl\/index.php?rest_route=\/wp\/v2\/users\/1"}],"replies":[{"embeddable":true,"href":"https:\/\/solidarnosc.pk.edu.pl\/index.php?rest_route=%2Fwp%2Fv2%2Fcomments&post=3625"}],"version-history":[{"count":2,"href":"https:\/\/solidarnosc.pk.edu.pl\/index.php?rest_route=\/wp\/v2\/pages\/3625\/revisions"}],"predecessor-version":[{"id":3663,"href":"https:\/\/solidarnosc.pk.edu.pl\/index.php?rest_route=\/wp\/v2\/pages\/3625\/revisions\/3663"}],"wp:attachment":[{"href":"https:\/\/solidarnosc.pk.edu.pl\/index.php?rest_route=%2Fwp%2Fv2%2Fmedia&parent=3625"}],"curies":[{"name":"wp","href":"https:\/\/api.w.org\/{rel}","templated":true}]}}