{"id":2288,"date":"2022-12-14T14:32:08","date_gmt":"2022-12-14T13:32:08","guid":{"rendered":"http:\/\/solidarnosc.pk.edu.pl\/?page_id=2288"},"modified":"2022-12-14T14:37:39","modified_gmt":"2022-12-14T13:37:39","slug":"obchody-41-rocznicy-wprowadzenia-stanu-wojennego","status":"publish","type":"page","link":"https:\/\/solidarnosc.pk.edu.pl\/?page_id=2288","title":{"rendered":"Obchody 41 rocznicy wprowadzenia Stanu Wojennego"},"content":{"rendered":"<h4>Noc\u0105 z 12 na 13 grudnia 1981 roku Wojskowa Rada Ocalenia Narodowego na czele z genera\u0142em Wojciechem Jaruzelskim wprowadzi\u0142a stan wojenny. Krakowianie uczcili 41. rocznic\u0119 zamachu na wolno\u015b\u0107 Polak\u00f3w. Obchody zorganizowane przez Region Ma\u0142opolski NSZZ \u201eSolidarno\u015b\u0107\u201d rozpocz\u0119\u0142y si\u0119 od uroczystej mszy \u015bwi\u0119tej w katedrze na Wawelu w intencji Ojczyzny i ofiar stanu wojennego, kt\u00f3rej przewodniczy\u0142 arcybiskup Marek J\u0119draszewski.<\/h4>\n<div class=\"md\">\n<blockquote><p>\u201ePrzed pi\u0105t\u0105 rano nagle budzenie. To mama. Zdenerwowana m\u00f3wi, \u017ce przysz\u0142a Magda i Dorota &#8211; jest wojna. (\u2026) Szybko ubieram si\u0119 i rozmawiam z dziewczynami. Og\u0142oszono stan wojenny, aresztuj\u0105 ludzi, powinienem si\u0119 gdzie\u015b szybko ukry\u0107. Mog\u0105 po mnie przyj\u015b\u0107. Wychodz\u0119 z domu. Zimno, nawet bardzo zimo\u201d\u2026 \u2013 tak wygl\u0105da\u0142 zimowy poranek 13 grudnia 1981 r. w domu krakowianina Adama Kality. Jeszcze przed p\u00f3\u0142noc\u0105 SB stan\u0119\u0142o natomiast u drzwi Andrzeja Szkaradka. Jak wspomina, zm\u0119czony i zaspany otworzy\u0142 i sta\u0142o si\u0119! Pomimo up\u0142ywu 41 lat, oni wci\u0105\u017c nosz\u0105 w sobie wspomnienie ka\u017cdej godziny, ka\u017cdego dnia i nocy \u00f3wczesnych represji, aresztowa\u0144, a przede wszystkim wszechobecnego poczucia terroru, a zarazem coraz mocniej wyzwalaj\u0105cego si\u0119 buntu przeciwko temu zniewoleniu. Uczestniczenie w \u0142a\u0144cuchu pami\u0119ci o tamtych wydarzeniach jest naszym zobowi\u0105zaniem wobec przysz\u0142ych pokole\u0144, ale tak\u017ce wobec poszkodowanych i zabitych przez re\u017cim komunistyczny \u2013 m\u00f3wi wojewoda ma\u0142opolski \u0141ukasz Kmita.<\/p><\/blockquote>\n<\/div>\n<div class=\"md\">\n<p>Krakowskie obchody rozpocz\u0119\u0142y si\u0119 msz\u0105 \u015bwi\u0119t\u0105 w katedrze na Wawelu o godz. 16.30. Tu\u017c po zako\u0144czeniu eucharystii zgromadzeni wzi\u0119li udzia\u0142 w przemarszu na plac. o. A. Studzi\u0144skiego pod Krzy\u017c Katy\u0144ski, gdzie z\u0142o\u017cono wi\u0105zanki i wie\u0144ce, a tak\u017ce zapalono znicze.<\/p>\n<p>Wzorem ubieg\u0142ych lat, 13 grudnia prowadzona jest kampania spo\u0142eczna upami\u0119tniaj\u0105ca rocznic\u0119 grudniowych wydarze\u0144 z 1981. Akcj\u0119 pod has\u0142em \u201eOfiarom stanu wojennego. Zapal \u015awiat\u0142o Wolno\u015bci\u201d \u2013 koordynuje Instytut Pami\u0119ci Narodowej. Nawi\u0105zuje ona do apelu, jaki tamtej zimy wystosowali \u00f3wczesny prezydent USA Ronald Reagan oraz polski papie\u017c Jan Pawe\u0142 II. W ge\u015bcie solidarno\u015bci, w oknach Bia\u0142ego Domu oraz w Pa\u0142acu Apostolskim w Watykanie zapalone zosta\u0142y \u015bwiece. By\u0142 to symbol przypominaj\u0105cy, \u017ce \u015bwiat\u0142a wolno\u015bci nie mo\u017cna ugasi\u0107. Za tym przyk\u0142adem \u015bwiece zapalone zosta\u0142y w wielu domach tak\u017ce w Polsce.<\/p>\n<p>&nbsp;<\/p>\n<p style=\"text-align: right;\">\u017cr\u00f3d\u0142o: krakow.naszemiasto.pl<\/p>\n<p>Po mszy \u015bwi\u0119tej, kt\u00f3rej przewodniczy\u0142 metropolita krakowski abp Marek J\u0119draszewski zebrani przeszli pod Krzy\u017c Katy\u0144ski na pl. o. Studzi\u0144skiego, gdzie odby\u0142a si\u0119 uroczysto\u015b\u0107, zorganizowana przez Region Ma\u0142opolski NSZZ \u201eSolidarno\u015b\u0107\u201d. Modlitw\u0119 za ofiary stanu wojennego poprowadzi\u0142 kapelan \u201eSolidarno\u015bci\u201d ks. W\u0142adys\u0142aw Palmowski.<\/p>\n<p>&nbsp;<\/p>\nngg_shortcode_0_placeholder<\/div>\n","protected":false},"excerpt":{"rendered":"<p>Noc\u0105 z 12 na 13 grudnia 1981 roku Wojskowa Rada Ocalenia Narodowego na czele z &hellip;<\/p>\n","protected":false},"author":1,"featured_media":2304,"parent":0,"menu_order":0,"comment_status":"closed","ping_status":"closed","template":"","meta":{"ngg_post_thumbnail":0,"_mc_calendar":[],"footnotes":""},"class_list":["post-2288","page","type-page","status-publish","has-post-thumbnail","hentry"],"_links":{"self":[{"href":"https:\/\/solidarnosc.pk.edu.pl\/index.php?rest_route=\/wp\/v2\/pages\/2288","targetHints":{"allow":["GET"]}}],"collection":[{"href":"https:\/\/solidarnosc.pk.edu.pl\/index.php?rest_route=\/wp\/v2\/pages"}],"about":[{"href":"https:\/\/solidarnosc.pk.edu.pl\/index.php?rest_route=\/wp\/v2\/types\/page"}],"author":[{"embeddable":true,"href":"https:\/\/solidarnosc.pk.edu.pl\/index.php?rest_route=\/wp\/v2\/users\/1"}],"replies":[{"embeddable":true,"href":"https:\/\/solidarnosc.pk.edu.pl\/index.php?rest_route=%2Fwp%2Fv2%2Fcomments&post=2288"}],"version-history":[{"count":1,"href":"https:\/\/solidarnosc.pk.edu.pl\/index.php?rest_route=\/wp\/v2\/pages\/2288\/revisions"}],"predecessor-version":[{"id":2305,"href":"https:\/\/solidarnosc.pk.edu.pl\/index.php?rest_route=\/wp\/v2\/pages\/2288\/revisions\/2305"}],"wp:featuredmedia":[{"embeddable":true,"href":"https:\/\/solidarnosc.pk.edu.pl\/index.php?rest_route=\/wp\/v2\/media\/2304"}],"wp:attachment":[{"href":"https:\/\/solidarnosc.pk.edu.pl\/index.php?rest_route=%2Fwp%2Fv2%2Fmedia&parent=2288"}],"curies":[{"name":"wp","href":"https:\/\/api.w.org\/{rel}","templated":true}]}}