{"id":2258,"date":"2022-12-14T13:34:36","date_gmt":"2022-12-14T12:34:36","guid":{"rendered":"http:\/\/solidarnosc.pk.edu.pl\/?page_id=2258"},"modified":"2022-12-14T15:16:15","modified_gmt":"2022-12-14T14:16:15","slug":"oplatek-2022","status":"publish","type":"page","link":"https:\/\/solidarnosc.pk.edu.pl\/?page_id=2258","title":{"rendered":"Op\u0142atek 2022"},"content":{"rendered":"<p>13 grudnia 2022r. odby\u0142o si\u0119 spotkanie op\u0142atkowe NSZZ Solidarno\u015b\u0107 Politechniki Krakowskiej.<\/p>\n<p>Zapraszamy do galerii.<\/p>\n<p>&nbsp;<\/p>\n<p>Fot. Janusz Szlachta<\/p>\n<p>ngg_shortcode_0_placeholderFot. Jan Zych<\/p>\nngg_shortcode_1_placeholder\n","protected":false},"excerpt":{"rendered":"<p>13 grudnia 2022r. odby\u0142o si\u0119 spotkanie op\u0142atkowe NSZZ Solidarno\u015b\u0107 Politechniki Krakowskiej. Zapraszamy do galerii. &nbsp; &hellip;<\/p>\n","protected":false},"author":1,"featured_media":2259,"parent":0,"menu_order":0,"comment_status":"closed","ping_status":"closed","template":"","meta":{"ngg_post_thumbnail":0,"_mc_calendar":[],"footnotes":""},"class_list":["post-2258","page","type-page","status-publish","has-post-thumbnail","hentry"],"_links":{"self":[{"href":"https:\/\/solidarnosc.pk.edu.pl\/index.php?rest_route=\/wp\/v2\/pages\/2258","targetHints":{"allow":["GET"]}}],"collection":[{"href":"https:\/\/solidarnosc.pk.edu.pl\/index.php?rest_route=\/wp\/v2\/pages"}],"about":[{"href":"https:\/\/solidarnosc.pk.edu.pl\/index.php?rest_route=\/wp\/v2\/types\/page"}],"author":[{"embeddable":true,"href":"https:\/\/solidarnosc.pk.edu.pl\/index.php?rest_route=\/wp\/v2\/users\/1"}],"replies":[{"embeddable":true,"href":"https:\/\/solidarnosc.pk.edu.pl\/index.php?rest_route=%2Fwp%2Fv2%2Fcomments&post=2258"}],"version-history":[{"count":8,"href":"https:\/\/solidarnosc.pk.edu.pl\/index.php?rest_route=\/wp\/v2\/pages\/2258\/revisions"}],"predecessor-version":[{"id":2372,"href":"https:\/\/solidarnosc.pk.edu.pl\/index.php?rest_route=\/wp\/v2\/pages\/2258\/revisions\/2372"}],"wp:featuredmedia":[{"embeddable":true,"href":"https:\/\/solidarnosc.pk.edu.pl\/index.php?rest_route=\/wp\/v2\/media\/2259"}],"wp:attachment":[{"href":"https:\/\/solidarnosc.pk.edu.pl\/index.php?rest_route=%2Fwp%2Fv2%2Fmedia&parent=2258"}],"curies":[{"name":"wp","href":"https:\/\/api.w.org\/{rel}","templated":true}]}}