{"id":2201,"date":"2022-10-07T16:58:22","date_gmt":"2022-10-07T14:58:22","guid":{"rendered":"http:\/\/solidarnosc.pk.edu.pl\/?page_id=2201"},"modified":"2022-10-09T22:38:04","modified_gmt":"2022-10-09T20:38:04","slug":"inauguracja-roku-akademickiego-2022-2023-na-politechnice-krakowskiej","status":"publish","type":"page","link":"https:\/\/solidarnosc.pk.edu.pl\/?page_id=2201","title":{"rendered":"Inauguracja Roku Akademickiego 2022-2023 na Politechnice Krakowskiej"},"content":{"rendered":"<p>6 pa\u017adziernika odby\u0142a si\u0119 uroczysta Inauguracja Roku Akademickiego na Politechnice Krakowskiej.<\/p>\nngg_shortcode_0_placeholder\n","protected":false},"excerpt":{"rendered":"<p>6 pa\u017adziernika odby\u0142a si\u0119 uroczysta Inauguracja Roku Akademickiego na Politechnice Krakowskiej.<\/p>\n","protected":false},"author":1,"featured_media":0,"parent":0,"menu_order":0,"comment_status":"closed","ping_status":"closed","template":"","meta":{"ngg_post_thumbnail":0,"_mc_calendar":[],"footnotes":""},"class_list":["post-2201","page","type-page","status-publish","hentry"],"_links":{"self":[{"href":"https:\/\/solidarnosc.pk.edu.pl\/index.php?rest_route=\/wp\/v2\/pages\/2201","targetHints":{"allow":["GET"]}}],"collection":[{"href":"https:\/\/solidarnosc.pk.edu.pl\/index.php?rest_route=\/wp\/v2\/pages"}],"about":[{"href":"https:\/\/solidarnosc.pk.edu.pl\/index.php?rest_route=\/wp\/v2\/types\/page"}],"author":[{"embeddable":true,"href":"https:\/\/solidarnosc.pk.edu.pl\/index.php?rest_route=\/wp\/v2\/users\/1"}],"replies":[{"embeddable":true,"href":"https:\/\/solidarnosc.pk.edu.pl\/index.php?rest_route=%2Fwp%2Fv2%2Fcomments&post=2201"}],"version-history":[{"count":14,"href":"https:\/\/solidarnosc.pk.edu.pl\/index.php?rest_route=\/wp\/v2\/pages\/2201\/revisions"}],"predecessor-version":[{"id":2240,"href":"https:\/\/solidarnosc.pk.edu.pl\/index.php?rest_route=\/wp\/v2\/pages\/2201\/revisions\/2240"}],"wp:attachment":[{"href":"https:\/\/solidarnosc.pk.edu.pl\/index.php?rest_route=%2Fwp%2Fv2%2Fmedia&parent=2201"}],"curies":[{"name":"wp","href":"https:\/\/api.w.org\/{rel}","templated":true}]}}