{"id":2126,"date":"2022-06-14T13:22:19","date_gmt":"2022-06-14T11:22:19","guid":{"rendered":"http:\/\/solidarnosc.pk.edu.pl\/?page_id=2126"},"modified":"2022-06-14T13:41:42","modified_gmt":"2022-06-14T11:41:42","slug":"polityka-prywatnosci","status":"publish","type":"page","link":"https:\/\/solidarnosc.pk.edu.pl\/?page_id=2126","title":{"rendered":"Polityka prywatno\u015bci"},"content":{"rendered":"\r\n<h2 class=\"wp-block-heading\">Kim jeste\u015bmy<\/h2>\r\n\r\n\r\n\r\n<p>Adres naszej strony internetowej to: http:\/\/solidarnosc.pk.edu.pl<\/p>\r\n\r\n\r\n\r\n<h3 class=\"wp-block-heading\">1. Informacje og\u00f3lne.<\/h3>\r\n\r\n\r\n\r\n<ol class=\"wp-block-list\">\r\n<li>Operatorem Serwisu solidarnosc.pk.edu.pl jest Politechnika Krakowska.<\/li>\r\n<li>Serwis realizuje funkcje pozyskiwania informacji o&nbsp;u\u017cytkownikach i&nbsp;ich zachowaniu w&nbsp;nast\u0119puj\u0105cy spos\u00f3b:\r\n<ol>\r\n<li>Poprzez dobrowolnie wprowadzone w&nbsp;formularzach informacje.<\/li>\r\n<li>Poprzez zapisywanie w&nbsp;urz\u0105dzeniach ko\u0144cowych pliki cookie (tzw. \u201eciasteczka\u201d).<\/li>\r\n<li>Poprzez gromadzenie log\u00f3w serwera www.<\/li>\r\n<\/ol>\r\n<\/li>\r\n<\/ol>\r\n\r\n\r\n\r\n<h3 class=\"wp-block-heading\">2. Informacje w&nbsp;formularzach.<\/h3>\r\n\r\n\r\n\r\n<ol class=\"wp-block-list\">\r\n<li>Serwis zbiera informacje podane dobrowolnie przez u\u017cytkownika.<\/li>\r\n<li>Serwis mo\u017ce zapisa\u0107 ponadto informacje o&nbsp;parametrach po\u0142\u0105czenia (oznaczenie czasu, adres IP)<\/li>\r\n<li>Dane w&nbsp;formularzu nie s\u0105 udost\u0119pniane podmiotom trzecim inaczej, ni\u017c za zgod\u0105 u\u017cytkownika.<\/li>\r\n<li>Dane podane w&nbsp;formularzu s\u0105 przetwarzane w&nbsp;celu wynikaj\u0105cym z&nbsp;funkcji konkretnego formularza.<\/li>\r\n<\/ol>\r\n\r\n\r\n\r\n<h3 class=\"wp-block-heading\">3. Informacja o&nbsp;plikach cookies.<\/h3>\r\n\r\n\r\n\r\n<ol class=\"wp-block-list\">\r\n<li>Serwis korzysta z&nbsp;plik\u00f3w cookies.<\/li>\r\n<li>Pliki cookies (tzw. \u201eciasteczka\u201d) stanowi\u0105 dane informatyczne, w&nbsp;szczeg\u00f3lno\u015bci pliki tekstowe, kt\u00f3re przechowywane s\u0105 w&nbsp;urz\u0105dzeniu ko\u0144cowym U\u017cytkownika Serwisu i&nbsp;przeznaczone s\u0105 do korzystania ze stron internetowych Serwisu. Cookies zazwyczaj zawieraj\u0105 nazw\u0119 strony internetowej, z&nbsp;kt\u00f3rej pochodz\u0105, czas przechowywania ich na urz\u0105dzeniu ko\u0144cowym oraz unikalny numer.<\/li>\r\n<li>Podmiotem zamieszczaj\u0105cym na urz\u0105dzeniu ko\u0144cowym U\u017cytkownika Serwisu pliki cookies oraz uzyskuj\u0105cym do nich dost\u0119p jest operator Serwisu.<\/li>\r\n<li>Pliki cookies wykorzystywane s\u0105 w&nbsp;nast\u0119puj\u0105cych celach:\r\n<ol>\r\n<li>tworzenia statystyk, kt\u00f3re pomagaj\u0105 zrozumie\u0107, w&nbsp;jaki spos\u00f3b U\u017cytkownicy Serwisu korzystaj\u0105 ze stron internetowych, co umo\u017cliwia ulepszanie ich struktury i&nbsp;zawarto\u015bci;<\/li>\r\n<li>utrzymanie sesji U\u017cytkownika Serwisu (po zalogowaniu), dzi\u0119ki kt\u00f3rej U\u017cytkownik nie musi na ka\u017cdej podstronie Serwisu ponownie wpisywa\u0107 loginu i&nbsp;has\u0142a.<\/li>\r\n<\/ol>\r\n<\/li>\r\n<li>W ramach Serwisu stosowane s\u0105 dwa zasadnicze rodzaje plik\u00f3w cookies: \u201esesyjne\u201d (session cookies) oraz \u201esta\u0142e\u201d (persistent cookies). Cookies \u201esesyjne\u201d s\u0105 plikami tymczasowymi, kt\u00f3re przechowywane s\u0105 w&nbsp;urz\u0105dzeniu ko\u0144cowym U\u017cytkownika do czasu wylogowania, opuszczenia strony internetowej lub wy\u0142\u0105czenia oprogramowania (przegl\u0105darki internetowej). \u201eSta\u0142e\u201d pliki cookies przechowywane s\u0105 w&nbsp;urz\u0105dzeniu ko\u0144cowym U\u017cytkownika przez czas okre\u015blony w&nbsp;parametrach plik\u00f3w cookies lub do czasu ich usuni\u0119cia przez U\u017cytkownika.<\/li>\r\n<li>Oprogramowanie do przegl\u0105dania stron internetowych (przegl\u0105darka internetowa) zazwyczaj domy\u015blnie dopuszcza przechowywanie plik\u00f3w cookies w&nbsp;urz\u0105dzeniu ko\u0144cowym U\u017cytkownika. U\u017cytkownicy Serwisu mog\u0105 dokona\u0107 zmiany ustawie\u0144 w&nbsp;tym zakresie. Przegl\u0105darka internetowa umo\u017cliwia usuni\u0119cie plik\u00f3w cookies. Mo\u017cliwe jest tak\u017ce automatyczne blokowanie plik\u00f3w cookies Szczeg\u00f3\u0142owe informacje na ten temat zawiera pomoc lub dokumentacja przegl\u0105darki internetowej.<\/li>\r\n<li>Pliki cookies mog\u0105 by\u0107 zamieszczane w&nbsp;urz\u0105dzeniu ko\u0144cowym u\u017cytkownika Serwisu, a&nbsp;nast\u0119pnie wykorzystywane przez wsp\u00f3\u0142pracuj\u0105ce z&nbsp;serwisem firmy badawcze oraz dostawc\u00f3w aplikacji multimedialnych.<\/li>\r\n<li>Ograniczenia stosowania plik\u00f3w cookies mog\u0105 wp\u0142yn\u0105\u0107 na niekt\u00f3re funkcjonalno\u015bci dost\u0119pne na stronach internetowych Serwisu.<\/li>\r\n<\/ol>\r\n\r\n\r\n\r\n<h3 class=\"wp-block-heading\">4. Logi serwera.<\/h3>\r\n\r\n\r\n\r\n<ol class=\"wp-block-list\">\r\n<li>Informacje o&nbsp;niekt\u00f3rych zachowaniach u\u017cytkownik\u00f3w podlegaj\u0105 logowaniu w&nbsp;warstwie serwerowej. Dane te s\u0105 wykorzystywane wy\u0142\u0105cznie w&nbsp;celu administrowania serwisem oraz w&nbsp;celu zapewnienia jak najbardziej sprawnej obs\u0142ugi \u015bwiadczonych us\u0142ug hostingowych.<\/li>\r\n<li>Przegl\u0105dane zasoby identyfikowane s\u0105 poprzez adresy URL. Ponadto zapisowi mog\u0105 podlega\u0107:\r\n<ol>\r\n<li>czas nadej\u015bcia zapytania,<\/li>\r\n<li>czas wys\u0142ania odpowiedzi,<\/li>\r\n<li>nazw\u0119 stacji klienta \u2013&nbsp;identyfikacja realizowana przez protok\u00f3\u0142 HTTP,<\/li>\r\n<li>informacje o&nbsp;b\u0142\u0119dach jakie nast\u0105pi\u0142y przy realizacji transakcji HTTP,<\/li>\r\n<li>adres URL strony poprzednio odwiedzanej przez u\u017cytkownika (referer link) \u2013&nbsp;w przypadku gdy przej\u015bcie do Serwisu nast\u0105pi\u0142o przez odno\u015bnik,<\/li>\r\n<li>informacje o&nbsp;przegl\u0105darce u\u017cytkownika,<\/li>\r\n<li>Informacje o&nbsp;adresie IP.<\/li>\r\n<li>Informacje o&nbsp;systemie operacyjnym u\u017cytkownika.<\/li>\r\n<\/ol>\r\n<\/li>\r\n<li>Dane powy\u017csze nie s\u0105 kojarzone z&nbsp;konkretnymi osobami przegl\u0105daj\u0105cymi strony.<\/li>\r\n<li>Dane powy\u017csze s\u0105 wykorzystywane jedynie dla cel\u00f3w administrowania serwerem.<\/li>\r\n<\/ol>\r\n\r\n\r\n\r\n<h3 class=\"wp-block-heading\">5. Udost\u0119pnienie danych.<\/h3>\r\n\r\n\r\n\r\n<ol class=\"wp-block-list\">\r\n<li>Dane podlegaj\u0105 udost\u0119pnieniu podmiotom zewn\u0119trznym wy\u0142\u0105cznie w&nbsp;granicach prawnie dozwolonych.<\/li>\r\n<li>Dane umo\u017cliwiaj\u0105ce identyfikacj\u0119 osoby fizycznej s\u0105 udost\u0119pniane wy\u0142\u0105czenie za zgod\u0105 tej osoby.<\/li>\r\n<li>Operator mo\u017ce mie\u0107 obowi\u0105zek udzielania informacji zebranych przez Serwis upowa\u017cnionym organom na podstawie zgodnych z&nbsp;prawem \u017c\u0105da\u0144 w&nbsp;zakresie wynikaj\u0105cym z&nbsp;\u017c\u0105dania.<\/li>\r\n<\/ol>\r\n\r\n\r\n\r\n<h3 class=\"wp-block-heading\">6. Zarz\u0105dzanie plikami cookies \u2013&nbsp;jak w&nbsp;praktyce wyra\u017ca\u0107 i&nbsp;cofa\u0107 zgod\u0119?<\/h3>\r\n\r\n\r\n\r\n<ol class=\"wp-block-list\">\r\n<li>Je\u015bli u\u017cytkownik nie chce otrzymywa\u0107 plik\u00f3w cookies, mo\u017ce zmieni\u0107 ustawienia przegl\u0105darki. Zastrzegamy, \u017ce wy\u0142\u0105czenie obs\u0142ugi plik\u00f3w cookies niezb\u0119dnych dla proces\u00f3w uwierzytelniania, bezpiecze\u0144stwa, utrzymania preferencji u\u017cytkownika mo\u017ce utrudni\u0107, a&nbsp;w skrajnych przypadkach mo\u017ce uniemo\u017cliwi\u0107 korzystanie ze stron www<\/li>\r\n<li>W celu zarz\u0105dzania ustawieniami cookies nale\u017cy post\u0119powa\u0107 zgodnie z&nbsp;instrukcjami udost\u0119pnionymi przez producent\u00f3w poszczeg\u00f3lnych przegl\u0105darek na ich stronach internetowych.<\/li>\r\n<\/ol>\r\n","protected":false},"excerpt":{"rendered":"<p>Kim jeste\u015bmy Adres naszej strony internetowej to: http:\/\/solidarnosc.pk.edu.pl 1. Informacje og\u00f3lne. Operatorem Serwisu solidarnosc.pk.edu.pl jest &hellip;<\/p>\n","protected":false},"author":1,"featured_media":0,"parent":0,"menu_order":0,"comment_status":"closed","ping_status":"closed","template":"","meta":{"ngg_post_thumbnail":0,"_mc_calendar":[],"footnotes":""},"class_list":["post-2126","page","type-page","status-publish","hentry"],"_links":{"self":[{"href":"https:\/\/solidarnosc.pk.edu.pl\/index.php?rest_route=\/wp\/v2\/pages\/2126","targetHints":{"allow":["GET"]}}],"collection":[{"href":"https:\/\/solidarnosc.pk.edu.pl\/index.php?rest_route=\/wp\/v2\/pages"}],"about":[{"href":"https:\/\/solidarnosc.pk.edu.pl\/index.php?rest_route=\/wp\/v2\/types\/page"}],"author":[{"embeddable":true,"href":"https:\/\/solidarnosc.pk.edu.pl\/index.php?rest_route=\/wp\/v2\/users\/1"}],"replies":[{"embeddable":true,"href":"https:\/\/solidarnosc.pk.edu.pl\/index.php?rest_route=%2Fwp%2Fv2%2Fcomments&post=2126"}],"version-history":[{"count":3,"href":"https:\/\/solidarnosc.pk.edu.pl\/index.php?rest_route=\/wp\/v2\/pages\/2126\/revisions"}],"predecessor-version":[{"id":2129,"href":"https:\/\/solidarnosc.pk.edu.pl\/index.php?rest_route=\/wp\/v2\/pages\/2126\/revisions\/2129"}],"wp:attachment":[{"href":"https:\/\/solidarnosc.pk.edu.pl\/index.php?rest_route=%2Fwp%2Fv2%2Fmedia&parent=2126"}],"curies":[{"name":"wp","href":"https:\/\/api.w.org\/{rel}","templated":true}]}}