{"id":207,"date":"2018-04-06T13:00:08","date_gmt":"2018-04-06T11:00:08","guid":{"rendered":"http:\/\/149.156.151.90\/~nszzpk\/?page_id=207"},"modified":"2018-04-06T13:00:08","modified_gmt":"2018-04-06T11:00:08","slug":"hymn-solidarnosci","status":"publish","type":"page","link":"https:\/\/solidarnosc.pk.edu.pl\/?page_id=207","title":{"rendered":"HYMN SOLIDARNO\u015aCI"},"content":{"rendered":"<h2 align=\"center\"><span style=\"color: #ff0000;\">HYMN SOLIDARNO\u015aCI<\/span><\/h2>\n<p>&nbsp;<\/p>\n<blockquote>\n<p style=\"text-align: center;\"><span style=\"font-family: Arial; font-size: large;\">Solidarni, nasz jest ten dzie\u0144,<\/span><\/p>\n<p style=\"text-align: center;\"><span style=\"font-family: Arial; font-size: large;\">A jutro jest nieznane<\/span><\/p>\n<p style=\"text-align: center;\"><span style=\"font-family: Arial; font-size: large;\">Lecz \u017cyjmy tak, jak gdyby nasz by\u0142 wiek;<\/span><\/p>\n<p style=\"text-align: center;\"><span style=\"font-family: Arial; font-size: large;\">Pod wolny kraj spokojnie k\u0142ad\u017a fundament.<\/span><\/p>\n<\/blockquote>\n<blockquote>\n<blockquote>\n<p style=\"text-align: center;\"><span style=\"font-family: Arial; font-size: large;\">A je\u015bli kto\u015b nasz polski dom zapali,<\/span><\/p>\n<p style=\"text-align: center;\"><span style=\"font-family: Arial; font-size: large;\">To ka\u017cdy z nas gotowy musi by\u0107,<\/span><\/p>\n<p style=\"text-align: center;\"><span style=\"font-family: Arial; font-size: large;\">Bo lepiej by\u015bmy stoj\u0105c umierali,<\/span><\/p>\n<p style=\"text-align: center;\"><span style=\"font-family: Arial; font-size: large;\">Ni\u017c mamy kl\u0119cz\u0105c na kolanach \u017cy\u0107,<\/span><\/p>\n<\/blockquote>\n<\/blockquote>\n<blockquote>\n<p style=\"text-align: center;\"><span style=\"font-family: Arial; font-size: large;\">Solidarni, nasz jest ten dzie\u0144;<\/span><\/p>\n<p style=\"text-align: center;\"><span style=\"font-family: Arial; font-size: large;\">Po\u0142\u0105czmy si\u0119, bo jeden jest nasz cel<\/span><\/p>\n<\/blockquote>\n<p align=\"right\">\n<p style=\"text-align: right;\" align=\"right\"><span style=\"font-family: Arial; font-size: small;\">Jerzy Narbutt,\u00a0<\/span><span style=\"font-family: Arial; font-size: small;\">mel.: Stanis\u0142aw Markowski<\/span><\/p>\n","protected":false},"excerpt":{"rendered":"<p>HYMN SOLIDARNO\u015aCI &nbsp; Solidarni, nasz jest ten dzie\u0144, A jutro jest nieznane Lecz \u017cyjmy tak, &hellip;<\/p>\n","protected":false},"author":1,"featured_media":0,"parent":0,"menu_order":0,"comment_status":"closed","ping_status":"closed","template":"","meta":{"ngg_post_thumbnail":0,"_mc_calendar":[],"footnotes":""},"class_list":["post-207","page","type-page","status-publish","hentry"],"_links":{"self":[{"href":"https:\/\/solidarnosc.pk.edu.pl\/index.php?rest_route=\/wp\/v2\/pages\/207","targetHints":{"allow":["GET"]}}],"collection":[{"href":"https:\/\/solidarnosc.pk.edu.pl\/index.php?rest_route=\/wp\/v2\/pages"}],"about":[{"href":"https:\/\/solidarnosc.pk.edu.pl\/index.php?rest_route=\/wp\/v2\/types\/page"}],"author":[{"embeddable":true,"href":"https:\/\/solidarnosc.pk.edu.pl\/index.php?rest_route=\/wp\/v2\/users\/1"}],"replies":[{"embeddable":true,"href":"https:\/\/solidarnosc.pk.edu.pl\/index.php?rest_route=%2Fwp%2Fv2%2Fcomments&post=207"}],"version-history":[{"count":0,"href":"https:\/\/solidarnosc.pk.edu.pl\/index.php?rest_route=\/wp\/v2\/pages\/207\/revisions"}],"wp:attachment":[{"href":"https:\/\/solidarnosc.pk.edu.pl\/index.php?rest_route=%2Fwp%2Fv2%2Fmedia&parent=207"}],"curies":[{"name":"wp","href":"https:\/\/api.w.org\/{rel}","templated":true}]}}