{"id":186,"date":"2018-04-04T11:45:00","date_gmt":"2018-04-04T09:45:00","guid":{"rendered":"http:\/\/149.156.151.90\/~nszzpk\/?page_id=186"},"modified":"2018-06-28T11:00:09","modified_gmt":"2018-06-28T09:00:09","slug":"uchwaly","status":"publish","type":"page","link":"https:\/\/solidarnosc.pk.edu.pl\/?page_id=186","title":{"rendered":"Uchwa\u0142y"},"content":{"rendered":"<h4 style=\"text-align: center;\"><a href=\"http:\/\/solidarnosc.pk.edu.pl\/index.php\/komisji-zakladowej\/\">uchwa\u0142y Komisji Zak\u0142adowej<\/a><\/h4>\n<h4 style=\"text-align: center;\"><a href=\"http:\/\/solidarnosc.pk.edu.pl\/index.php\/zwzd\/\">uchwa\u0142y Zak\u0142adowego Walnego Zebrania Delegat\u00f3w<\/a><\/h4>\n","protected":false},"excerpt":{"rendered":"<p>uchwa\u0142y Komisji Zak\u0142adowej uchwa\u0142y Zak\u0142adowego Walnego Zebrania Delegat\u00f3w<\/p>\n","protected":false},"author":1,"featured_media":0,"parent":0,"menu_order":0,"comment_status":"closed","ping_status":"closed","template":"","meta":{"ngg_post_thumbnail":0,"_mc_calendar":[],"footnotes":""},"class_list":["post-186","page","type-page","status-publish","hentry"],"_links":{"self":[{"href":"https:\/\/solidarnosc.pk.edu.pl\/index.php?rest_route=\/wp\/v2\/pages\/186","targetHints":{"allow":["GET"]}}],"collection":[{"href":"https:\/\/solidarnosc.pk.edu.pl\/index.php?rest_route=\/wp\/v2\/pages"}],"about":[{"href":"https:\/\/solidarnosc.pk.edu.pl\/index.php?rest_route=\/wp\/v2\/types\/page"}],"author":[{"embeddable":true,"href":"https:\/\/solidarnosc.pk.edu.pl\/index.php?rest_route=\/wp\/v2\/users\/1"}],"replies":[{"embeddable":true,"href":"https:\/\/solidarnosc.pk.edu.pl\/index.php?rest_route=%2Fwp%2Fv2%2Fcomments&post=186"}],"version-history":[{"count":1,"href":"https:\/\/solidarnosc.pk.edu.pl\/index.php?rest_route=\/wp\/v2\/pages\/186\/revisions"}],"predecessor-version":[{"id":485,"href":"https:\/\/solidarnosc.pk.edu.pl\/index.php?rest_route=\/wp\/v2\/pages\/186\/revisions\/485"}],"wp:attachment":[{"href":"https:\/\/solidarnosc.pk.edu.pl\/index.php?rest_route=%2Fwp%2Fv2%2Fmedia&parent=186"}],"curies":[{"name":"wp","href":"https:\/\/api.w.org\/{rel}","templated":true}]}}